61.
7, 727, 14249
What are the prime factors of 5122466674?
2, 13, 2621, 75169
List the prime factors of 1218855107.
4793, 254299
List the prime factors of 323692142.
2, 29, 31, 67, 2687
What are the prime factors of 372928054?
2, 186464027
What are the prime factors of 2475263970?
2, 3, 5, 29, 948377
List the prime factors of 403199149.
17, 23717597
List the prime factors of 1580555455.
5, 37, 8543543
What are the prime factors of 3638729592?
2, 3, 769, 65719
What are the prime factors of 3886439?
31, 283, 443
What are the prime factors of 259625242?
2, 23, 5644027
What are the prime factors of 116629814?
2, 7, 8330701
What are the prime factors of 149461159?
151, 167, 5927
List the prime factors of 256265568.
2, 3, 13, 68447
List the prime factors of 859499641.
7, 11, 13, 122663
What are the prime factors of 881738698?
2, 440869349
What are the prime factors of 2422253565?
3, 5, 29, 206237
What are the prime factors of 33294114?
2, 3, 7, 139, 1901
List the prime factors of 2656133120.
2, 5, 19, 3413
List the prime factors of 248227331.
11, 941, 23981
List the prime factors of 166593666.
2, 3, 27765611
List the prime factors of 62911015.
5, 41, 306883
What are the prime factors of 83039562?
2, 3, 617, 7477
List the prime factors of 1198213461.
3, 67, 79, 25153
What are the prime factors of 3755563678?
2, 313, 5999303
List the prime factors of 49483021.
7, 89, 79427
List the prime factors of 456314704.
2, 1129, 25261
List the prime factors of 5059701314.
2, 907, 2789251
What are the prime factors of 94379660?
2, 5, 4718983
What are the prime factors of 4782689?
23, 9041
List the prime factors of 10513289.
19, 47, 61, 193
What are the prime factors of 33819216?
2, 3, 704567
List the prime factors of 5383563957.
3, 598173773
List the prime factors of 3570138398.
2, 3119, 572321
List the prime factors of 57275568.
2, 3, 7, 56821
List the prime factors of 878292726.
2, 3, 17, 113, 181, 421
List the prime factors of 2569119640.
2, 5, 47, 919, 1487
List the prime factors of 3600978447.
3, 11, 59, 127, 14563
List the prime factors of 2358427.
17, 138731
List the prime factors of 7920141.
3, 193, 13679
List the prime factors of 2030342823.
3, 193, 1168879
List the prime factors of 227988149.
401, 568549
What are the prime factors of 2221813314?
2, 3, 7, 1373, 1427
List the prime factors of 1009414031.
61, 16547771
List the prime factors of 1181936346.
2, 3, 173, 1138667
What are the prime factors of 70581695?
5, 14116339
What are the prime factors of 651035719?
651035719
What are the prime factors of 229069467?
3, 11, 2313833
What are the prime factors of 128813742?
2, 3, 31, 230849
List the prime factors of 4453968952.
2, 23, 24206353
List the prime factors of 10594696.
2, 7, 277, 683
What are the prime factors of 248337701?
29, 53, 161573
What are the prime factors of 365922427?
13, 71, 396449
What are the prime factors of 1417596055?
5, 31, 9145781
What are the prime factors of 1079569394?
2, 17, 31752041
List the prime factors of 301025643.
3, 1951, 51431
List the prime factors of 797744125.
5, 17, 83, 4523
List the prime factors of 71743415.
5, 14348683
What are the prime factors of 2424847239?
3, 89809157
List the prime factors of 312235839.
3, 139, 249589
What are the prime factors of 126475457?
19, 6656603
List the prime factors of 6776205645.
3, 5, 11, 79, 101, 5147
List the prime factors of 3607573708.
2, 901893427
List the prime factors of 1678686395.
5, 23, 14597273
What are the prime factors of 6239873?
61, 102293
List the prime factors of 133841013.
3, 44613671
What are the prime factors of 23377985?
5, 4675597
What are the prime factors of 981775514?
2, 499, 811, 1213
List the prime factors of 103851716.
2, 23, 1128823
List the prime factors of 239491681.
11, 13, 1674767
What are the prime factors of 24630027?
3, 31, 264839
What are the prime factors of 2760528192?
2, 3, 211, 68141
What are the prime factors of 98267408?
2, 23, 71, 3761
List the prime factors of 76096575.
3, 5, 338207
List the prime factors of 73891963.
41, 293, 6151
What are the prime factors of 1532070442?
2, 7, 1997, 54799
What are the prime factors of 47905359?
3, 83, 192391
List the prime factors of 7577799533.
347, 607, 35977
List the prime factors of 6100743936.
2, 3, 7, 1134811
List the prime factors of 1118235298.
2, 23, 24309463
List the prime factors of 37179049.
37179049
List the prime factors of 1404826272.
2, 3, 4877869
What are the prime factors of 1143323535?
3, 5, 59, 101, 12791
What are the prime factors of 107643?
3, 53, 677
List the prime factors of 2396480038.
2, 17, 61, 89, 12983
List the prime factors of 446821079.
2053, 217643
What are the prime factors of 64748452?
2, 16187113
What are the prime factors of 6552307?
6552307
What are the prime factors of 111248105?
5, 601, 37021
What are the prime factors of 197826022?
2, 71, 1393141
List the prime factors of 144841092.
2, 3, 11, 89, 12329
List the prime factors of 30177603.
3, 29, 443
What are the prime factors of 4823358615?
3, 5, 107185747
What are the prime factors of 236090217?
3, 11, 199, 35951
What are the prime factors of 1393418458?
2, 59, 887, 13313
List the prime factors of 1218113207.
359, 3393073
What are the prime factors of 1423291966?
2, 79, 9008177
List the prime factors of 108802306.
2, 54401153
List the prime factors of 294653488.
2, 18415843
List the prime factors of 23440141.
23440141
List the prime factors of 875875666.
2, 17, 701, 36749
What are the prime factors of 76307564?
2, 19076891
List the prime factors of 2981177.
31, 96167
What are the prime factors of 63094205?
5, 12618841
List the prime factors of 1135357583.
797, 1424539
List the prime factors of 5591580360.
2, 3, 5, 31, 1503113
What are the prime factors of 556206216?
2, 3, 31, 59, 12671
List the prime factors of 4435954036.
2, 1108988509
List the prime factors of 1038223980.
2, 3, 5, 97, 6607
List the prime factors of 359613779.
7, 19, 47, 57529
List the prime factors of 257535629.
13, 823, 24071
List the prime factors of 258449904.
2, 3, 97, 18503
List the prime factors of 450891180.
2, 3, 5, 71, 35281
What are the prime factors of 119745978?
2, 3, 11, 1091, 1663
What are the prime factors of 59679238?
2, 2269, 13151
List the prime factors of 62517178.
2, 397, 78737
List the prime factors of 129932130.
2, 3, 5, 71, 61001
List the prime factors of 401369605.
5, 7, 13, 677, 1303
List the prime factors of 3179267550.
2, 3, 5, 37, 63649
List the prime factors of 147314770.
2, 5, 23, 640499
List the prime factors of 100523223.
3, 11169247
What are the prime factors of 117065831?
167, 700993
List the prime factors of 101646553.
17, 5979209
What are the prime factors of 59095723?
17, 113, 30763
List the prime factors of 78918326.
2, 39459163
What are the prime factors of 3030602574?
2, 3, 233, 2167813
What are the prime factors of 44150332?
2, 101, 103, 1061
What are the prime factors of 32462941?
7, 241, 2749
List the prime factors of 126624711.
3, 42208237
List the prime factors of 1561860124.
2, 11, 463, 76667
List the prime factors of 8419110738.
2, 3, 53, 79, 139, 2411
What are the prime factors of 103844059?
11, 101, 151, 619
What are the prime factors of 65521877?
131, 500167
List the prime factors of 632793704.
2, 79099213
What are the prime factors of 53208435?
3, 5, 7, 313, 1619
List the prime factors of 59363806.
2, 97, 305999
List the prime factors of 907260115.
5, 257, 706039
What are the prime factors of 37468056?
2, 3, 1561169
List the prime factors of 223512936.
2, 3, 1123, 8293
What are the prime factors of 440022247?
7, 62860321
List the prime factors of 840756731.
9059, 92809
List the prime factors of 3925698648.
2, 3, 113, 1447529
What are the prime factors of 1629516667?
37, 44040991
List the prime factors of 2635640503.
359, 7341617
List the prime factors of 70001349.
3, 11, 2121253
List the prime factors of 198128537.
109, 701, 2593
List the prime factors of 428176416.
2, 3, 17, 29, 83, 109
What are the prime factors of 6529043173?
937, 6968029
What are the prime factors of 79756661?
19, 73, 57503
List the prime factors of 196360631.
3187, 61613
List the prime factors of 21758357.
21758357
What are the prime factors of 4480126404?
2, 3, 13, 28718759
What are the prime factors of 21363190?
